9734. Calculate the greatest common divisor of 72 and z.
12
Let w be (-2)/(1/(10/(-5))). Let c(b) be the first derivative of 4*b**3 + b**2/2 + 4*b - 6. Let r be c(w). What is the highest common factor of r and 25?
25
Let u(x) = x**2 + 7*x - 17. Let f be u(-9). Let t(d) = -10*d + 2. Let g be t(f). Let y be 36*(g/(-1) - 0). Calculate the greatest common divisor of 32 and y.
32
Let y be (24/(-8))/(-3 - -2). Suppose 0 = -y*u - 6*m + 4*m + 594, 2*m = 6. Calculate the greatest common divisor of 49 and u.
49
Suppose -4*v = -m + 3*m - 618, 3*v - 474 = 2*m. Let n be v/7 + (-16)/56. Let z = -257 - -455. Calculate the highest common factor of z and n.
22
Suppose -9*z - z = -30. Suppose -2*x + x = 0, z*u - 4*x = 24. Calculate the greatest common divisor of 312 and u.
8
Suppose -85848 = 2*t + 18*t - 44*t. What is the highest common factor of t and 365?
73
Let g = -11167 + 11967. What is the highest common factor of 140 and g?
20
Let i = 252 + 5229. Calculate the greatest common divisor of 87 and i.
87
Let g = -31 + 54. Let w = 1762 - 1739. What is the greatest common divisor of w and g?
23
Suppose -8*c + 37*c - 754 = 0. Suppose c*s = 24*s + 5*z + 219, -5*z + 5 = 0. Calculate the highest common factor of s and 42.
14
Let k(m) = 3*m**2 + 4*m + 1. Let z be k(-2). Suppose v = z*v - 132. Calculate the highest common divisor of v and 33.
33
Let n = 1012 + -987. Let r be (-4)/26 + (-8590)/(-65). Let y = -7 + r. What is the highest common factor of y and n?
25
Let a(q) = -9*q. Let r be a(-2). Let k(u) = 17*u + 8. Let n be k(9). Let m = n + -53. What is the greatest common factor of r and m?
18
Let x(n) = -420*n**2 - n - 1. Let u be x(-1). Let f = u + 433. Let w(k) = -30*k + 1. Let m be w(-3). What is the greatest common factor of m and f?
13
Suppose 2*m - 38 = 5*c, -c + 2*c - 95 = -5*m. Let u(d) = -d + 8. Let n(s) = -s + 2. Let j be n(13). Let i be u(j). What is the highest common factor of i and m?
19
Suppose -5*p + 4*j = -143, 917*j - 919*j - 4 = 0. Suppose -6*x = -2*x - 144. What is the highest common divisor of x and p?
9
Suppose -685 - 540 = 5*a. Let x = 173 + a. Let n = x - -77. What is the greatest common divisor of 85 and n?
5
Let a = -2602 + 4737. What is the highest common divisor of 35 and a?
35
Let q(i) = i**2 + 80*i + 1377. Let m be q(-55). Calculate the highest common divisor of 127 and m.
1
Let k be 4/((-1)/(-3)*(-6)/(-5)). Let g = k + -8. Suppose -2*n - p + 6 = 2*p, 0 = -5*n - g*p + 15. Calculate the highest common divisor of n and 27.
3
Suppose 4*c = 5*q + 304, -3*c - q + 62 + 185 = 0. Suppose c = 13*b - 153. Calculate the greatest common divisor of b and 90.
18
Let j = -418 + 426. Suppose 0 = -y + 6*b - 5*b + 1, -y = -4*b + j. Calculate the highest common divisor of y and 8.
4
Let v be (-5 - 0)*(-2 + 16/(-10)). Let k(o) = -o**3 + o**2 + 14*o - 6. Let b be k(-10). Calculate the greatest common divisor of b and v.
18
Let c(s) = -2*s**2 + 81*s - 109. Let h be c(39). What is the highest common divisor of 38792 and h?
8
Let s be (1 + 0)*-12*1/(-4). Let d = 4 + 10. Let v = -2 + d. What is the highest common factor of s and v?
3
Suppose 44958 = 220*f + 134*f. Calculate the highest common factor of f and 3175.
127
Suppose 6*c = 2*c + 28. Let k(q) = q**3 + 4*q**2 - 10*q - 15. Let z be k(-5). Let p = 59 - z. What is the highest common divisor of c and p?
7
Let o = 27 + -17. Suppose 361 = -o*j - 119. Let z be (j/5)/((-12)/40). Calculate the highest common factor of z and 8.
8
Let h be 3/8 - (226530/80)/(-9). Let w = -235 + h. Calculate the greatest common divisor of w and 20.
20
Suppose -2*v - 8*p + 12*p - 4 = 0, -30 = 4*v + 3*p. Let o(x) = 13*x + 273. Let j be o(v). Calculate the greatest common factor of 78 and j.
39
Let l be 22 + (12 - 61) + 35. What is the greatest common factor of l and 10328?
8
Let p = 5932 + -5890. What is the highest common divisor of p and 406?
14
Let p(m) = -m**3 + m**2 + 232*m + 369. Let d be p(0). What is the greatest common divisor of 9 and d?
9
Let b = -4636 + 6218. What is the greatest common divisor of b and 28?
14
Let t be (12*6/27)/(52/14274). Suppose 1380 = 64*h - t. Calculate the greatest common factor of h and 33.
33
Let k(j) = -j**2 - 425*j - 2912. Let v be k(-7). What is the greatest common divisor of 5677 and v?
7
Let m = -9105 - -9124. What is the highest common factor of 931 and m?
19
Let r = -860 - -894. Calculate the greatest common divisor of 1241 and r.
17
Let v = 4830 - 4742. Let o be -2 + -1 + 0 + 135. Suppose m = -m + o. Calculate the greatest common factor of v and m.
22
Let d(p) = 2*p**2 + 30*p + 24. Let z be d(-16). Suppose m - 4*y - z = 0, -3*m + 168 = 4*y + y. Calculate the greatest common divisor of m and 72.
8
Let u = 11314 + -8794. Calculate the highest common divisor of 4680 and u.
360
Let u = 19681 + -19628. Calculate the greatest common factor of 10123 and u.
53
Suppose -5*p - 125 = -355. Let r be (-69)/(((-63)/12)/7). What is the greatest common factor of r and p?
46
Suppose -20*j - 12 = -26*j. Let z(l) = 122*l + 6. Let r be z(j). Calculate the greatest common divisor of 50 and r.
50
Suppose -5*d + 250159 = 97*d - 193745. What is the greatest common factor of 512 and d?
256
Let p be (9*(-20)/(-54))/((-4)/6). Suppose -6*n - 24 = -2*x - 2*n, -x = 5*n - 19. Let h = x - p. Calculate the greatest common divisor of h and 95.
19
Suppose -4*f - 2 = -38. Suppose 34 = f*m - 434. What is the highest common divisor of 156 and m?
52
Suppose 0 = 11*q - 12*q + 94. Let k = q + -76. Let b = 26 - 24. What is the greatest common divisor of b and k?
2
Suppose 2*c - 6*c + 11 = -3*q, -2*c + 5*q = -9. Suppose 2*u + n - 3*n = 738, -729 = -c*u + 5*n. What is the highest common factor of u and 62?
62
Suppose 0 = 2*a - i - 374 - 354, -2*a + 696 = -5*i. What is the greatest common divisor of 928 and a?
16
Suppose 42 - 30 = 2*k. Suppose 46 = -k*j + 106. Let z(r) = r**3 - r**2 + 3*r + 3. Let d be z(3). What is the greatest common divisor of d and j?
10
Let i be 9186/27 + (-168)/(-216) + -1. Calculate the greatest common divisor of i and 45.
5
Suppose -5*h + 0*h + 20 = 0, 5*s - 124 = -h. Let z be -6 + 3 - -19*3/3. Calculate the highest common factor of s and z.
8
Suppose -52*t + 47*t - 41495 = -198*t. Let p be (-345)/(-4) + 1/(-4). What is the highest common divisor of p and t?
43
Suppose 78*u - 34020 = -30*u. Calculate the highest common divisor of u and 2250.
45
Let i be (-140)/60 - 217/(-3). What is the greatest common factor of 4370 and i?
10
Suppose 0*u + 7*u + 49 = 0. Let g be (-1770)/(-11) - u/77. Calculate the greatest common factor of 92 and g.
23
Let i be (20340 - -5) + 5 - (-4 - -2). Suppose 0 = 127*m - 139*m + i. Calculate the greatest common divisor of m and 53.
53
Let v(q) = -6 + 0 - 11 - 5*q + 5 + 11*q**2 - q**3. Let j be v(8). Calculate the highest common divisor of j and 196.
28
Let k = 463 - 460. Suppose b - 30 = 7*h - 4*h, -k*b = 2*h - 145. Calculate the greatest common factor of 315 and b.
45
Let y(t) = -t**3 - 34*t**2 + 46*t - 57. Let f be y(-35). Let o = f + 447. Calculate the greatest common factor of 145 and o.
5
Let t = 38 + -36. Suppose t = -2*g + 8. Suppose 2*c + g*x + x = 38, -3*c = -4*x - 7. What is the greatest common divisor of 36 and c?
9
Let n(c) = c - 5. Let g be n(8). Suppose 0 = -4*u - 0*h - h - 533, -g*u - 397 = -2*h. Let f = u + 218. What is the highest common factor of f and 17?
17
Let m = -4 - -13. Suppose m*d = 686 + 250. Calculate the greatest common factor of 26 and d.
26
Suppose 34 = 6*w - 14. Suppose 0 = -w*v + 85 + 283. Calculate the highest common factor of 10 and v.
2
Let o(c) = 14*c - 5. Let r be o(7). Let i(t) = -t**3 + 6*t**2 + 5*t + 10. Let y = -165 - -169. Let u be i(y). What is the highest common factor of r and u?
31
Let i = 184 - 162. Let l(z) = -z**2 + 26*z - 51. Let p be l(i). Calculate the greatest common factor of 37 and p.
37
Let m be 2*((-60)/(-8) + -11) - -20. Suppose h = 2*u - 56 + 158, 3*h = 5*u + 307. Calculate the greatest common divisor of h and m.
13
Let z = 217 - 109. Suppose -4*c - 2*w + 176 = 0, -8203*w = 3*c - 8205*w - 160. What is the highest common factor of z and c?
12
Let x(z) = -z**2 - 22*z + 1113. Let d be x(24). Let u be (-160)/(-6) - 2/(-6). What is the highest common factor of u and d?
9
Let g be (72/(-15))/(80/(-100)) - 1. Let k(l) = 100*l*